{"id":534,"date":"2023-04-08T16:25:46","date_gmt":"2023-04-08T16:25:46","guid":{"rendered":"https:\/\/bowlingclub.info\/?page_id=534"},"modified":"2023-08-17T17:32:59","modified_gmt":"2023-08-17T17:32:59","slug":"regulamin-parkingu","status":"publish","type":"page","link":"http:\/\/bowlingclub.info\/?page_id=534","title":{"rendered":"Regulamin parkingu"},"content":{"rendered":"\t\t<div data-elementor-type=\"wp-page\" data-elementor-id=\"534\" class=\"elementor elementor-534\">\n\t\t\t\t<div class=\"elementor-element elementor-element-ee4638d e-flex e-con-boxed e-con e-parent\" data-id=\"ee4638d\" data-element_type=\"container\">\n\t\t\t\t\t<div class=\"e-con-inner\">\n\t\t\t\t<div class=\"elementor-element elementor-element-5a09a52 elementor-widget elementor-widget-text-editor\" data-id=\"5a09a52\" data-element_type=\"widget\" data-widget_type=\"text-editor.default\">\n\t\t\t\t<div class=\"elementor-widget-container\">\n\t\t\t\t\t\t\t<strong>REGULAMIN NIESTRZE\u017bONEGO PARKINU P\u0141ATNEGO<\/strong>\n<ol>\n \t<li>Niniejszy Regulamin okre\u015bla zasady korzystania z niestrze\u017conego parkingu p\u0142atnego zlokalizowanego w Lesznie przy ul. Niepodleg\u0142o\u015bci 70 wok\u00f3\u0142 budynku us\u0142ugowego, zwanego dalej Parkingiem.<\/li>\n \t<li>Parkingiem zarz\u0105dza:<\/li>\n<\/ol>\n<ul>\n \t<li>Dariusz Donke, prowadz\u0105cy dzia\u0142alno\u015b\u0107 gospodarcz\u0105 pod firm\u0105: Przedsi\u0119biorstwo Handlowo Us\u0142ugowe Dariusz Donke, Wsp\u00f3lnik S.C. &#8211; Bowling Club, Wsp\u00f3lnik S.C. \u2013 Joker, pod adresem: ul. Ignacego Paderewskiego 4, 64-100 Leszno, posiadaj\u0105cy numer NIP: 6971967251 , REGON: 300452709,<\/li>\n \t<li>Marzena Donke, prowadz\u0105ca dzia\u0142alno\u015b\u0107 gospodarcz\u0105 pod firm\u0105: WSP\u00d3LNIK SP\u00d3\u0141KI CYWILNEJ BOWLING CLUB, MARZENA DONKE, pod adresem: Ignacego Paderewskiego 4, 64-100 Leszno, posiadaj\u0105ca numer NIP: 6972059573, REGON: 300987221<\/li>\n<\/ul>\nprowadz\u0105cy dzia\u0142alno\u015b\u0107 gospodarcz\u0105 w formie sp\u00f3\u0142ki cywilnej pod firm\u0105: BOWLING CLUB SP\u00d3\u0141KA CYWILNA MARZENA DONKE, DARIUSZ DONKE, pod adresem: ul. Niepodleg\u0142o\u015bci 70, 64-100 Leszno, posiadaj\u0105c\u0105 numer NIP: 6972253619, REGON: 301059931, zwani dalej Zarz\u0105dc\u0105.\n<ol start=\"3\">\n \t<li>Zarz\u0105dca \u015bwiadczy na rzecz U\u017cytkownik\u00f3w pojazd\u00f3w us\u0142ugi parkingowe polegaj\u0105ce na wynajmowaniu za op\u0142at\u0105 na czas okre\u015blony miejsc postojowych dla pojazd\u00f3w mechanicznych znajduj\u0105cych si\u0119 na wydzielonym parkingu.<\/li>\n \t<li>Za U\u017cytkownika pojazdu, dalej zwanego r\u00f3wnie\u017c U\u017cytkownikiem, uwa\u017ca si\u0119 nie tylko kierowc\u0119 pojazdu, ale r\u00f3wnie\u017c pasa\u017cera pojazdu oraz w\u0142a\u015bciciela pojazdu.<\/li>\n \t<li>Umowa o najem miejsca parkingowego zostaje zawarta w momencie wjazdu przez U\u017cytkownika na teren parkingu lub pozyskania karty abonamentowej. Wje\u017cd\u017caj\u0105c na parking U\u017cytkownik pojazdu zobowi\u0105zuje si\u0119 do niezw\u0142ocznego stawienia si\u0119 w Bowling Club Leszno celem potwierdzenia mo\u017cliwo\u015bci korzystania z parkingu i dokonania rozlicze\u0144 z tego tytu\u0142u, w tym nabycia biletu jednorazowego. Wskazany obowi\u0105zek nie dotyczy U\u017cytkownik\u00f3w posiadaj\u0105cych kart\u0119 abonamentow\u0105. U\u017cytkownicy posiadaj\u0105cy kart\u0119 abonamentow\u0105 zobowi\u0105zani s\u0105 umie\u015bci\u0107 j\u0105 w widocznym miejscu za przedni\u0105 szyb\u0105 pojazdu.<\/li>\n \t<li>Rozwi\u0105zanie umowy nast\u0119puje w momencie wyjazdu z Parkingu lub utraty wa\u017cno\u015bci karty abonamentowej.<\/li>\n \t<li>Zakup bilet jednorazowego i karty abonamentowej jest mo\u017cliwy w godzinach od 16 do 22 w Bowling Club Leszno.<\/li>\n \t<li>Pomi\u0119dzy Zarz\u0105dc\u0105 a U\u017cytkownikiem nie jest zawierana umowa przechowania pojazdu ani \u017cadna inna umowa, kt\u00f3ra nak\u0142ada\u0142aby na Zarz\u0105dc\u0119 obowi\u0105zek sprawowania pieczy nad pojazdem U\u017cytkownika.<\/li>\n \t<li>Ka\u017cdy U\u017cytkownik poprzez wjazd na teren Parkingu lub pozyskanie karty abonamentowej wyra\u017ca zgod\u0119 na warunki niniejszego Regulaminu i zobowi\u0105zuje si\u0119 do przestrzegania postanowie\u0144 Regulaminu.<\/li>\n \t<li>Parking jest czynny ca\u0142odobowo przez 7 dni w tygodniu, przy czym zakup biletu jednorazowego i karty abonamentowej jest mo\u017cliwy w godzinach od 16 do 22 w Bowling Club Leszno.<\/li>\n \t<li>Za korzystanie z Parkingu Zarz\u0105dca pobiera op\u0142at\u0119 zgodnie z cennikiem stanowi\u0105cym za\u0142\u0105cznik nr 1 do Regulaminu.<\/li>\n \t<li>Parking jest niestrze\u017cony, p\u0142atny.<\/li>\n \t<li>Wjazdy i wyjazdy s\u0105 monitorowane ca\u0142odobowo przy u\u017cyciu urz\u0105dze\u0144 utrwalaj\u0105cych obraz (kamery).<\/li>\n \t<li>Nagrania z monitoringu mog\u0105 zosta\u0107 wykorzystane do ustalenia odpowiedzialno\u015bci w stosunku do U\u017cytkownik\u00f3w, kt\u00f3rzy nie stosuj\u0105 si\u0119 do postanowie\u0144 niniejszego Regulaminu oraz udost\u0119pniane uprawnionym do tego organom na ich \u017c\u0105danie.<\/li>\n \t<li>Parking przeznaczony jest dla samochod\u00f3w osobowych oraz dostawczych do 3,5 t.<\/li>\n \t<li>Obowi\u0105zuje bezwzgl\u0119dny zakaz wjazdu pojazd\u00f3w przewo\u017c\u0105cych materia\u0142y \u0142atwopalne, \u017cr\u0105ce, wybuchowe oraz inne podobne materia\u0142y i substancje mog\u0105ce stworzy\u0107 zagro\u017cenie dla os\u00f3b i mienia.<\/li>\n \t<li>Zarz\u0105dca nie ponosi odpowiedzialno\u015bci za szkody powsta\u0142e w wyniku utraty, kradzie\u017cy, zniszczenia lub uszkodzenia pojazdu U\u017cytkownika powsta\u0142e na terenie Parkingu z winy U\u017cytkownika, os\u00f3b trzecich lub w wyniku dzia\u0142ania si\u0142y wy\u017cszej<\/li>\n \t<li>Zarz\u0105dca nie ponosi odpowiedzialno\u015bci za rzeczy pozostawione na terenie Parkingu, zar\u00f3wno te znajduj\u0105ce si\u0119 wewn\u0105trz pojazdu U\u017cytkownika jak r\u00f3wnie\u017c poza nim i rzeczy stanowi\u0105ce wyposa\u017cenie pojazdu U\u017cytkownika.<\/li>\n \t<li>Zarz\u0105dca nie ponosi odpowiedzialno\u015bci za szkody komunikacyjne lub parkingowe dotycz\u0105ce pojazd\u00f3w i os\u00f3b korzystaj\u0105cych z Parkingu.<\/li>\n \t<li>U\u017cytkownik pojazdu odpowiada za wszelkie szkody wyrz\u0105dzone Zarz\u0105dzaj\u0105cemu oraz osobom trzecim na terenie Parkingu.<\/li>\n \t<li>Na Parkingu obowi\u0105zuj\u0105 przepisy ustawy z dnia 20 czerwca 1997 r. Prawo o ruchu drogowym. U\u017cytkownik jest zobowi\u0105zany r\u00f3wnie\u017c do przestrzegania przepis\u00f3w niniejszego Regulaminu oraz przepis\u00f3w powszechnie obowi\u0105zuj\u0105cego prawa.<\/li>\n \t<li>Maksymalna pr\u0119dko\u015b\u0107 poruszania si\u0119 pojazd\u00f3w po terenie Parkingu wynosi 20 km\/h.<\/li>\n \t<li>U\u017cytkownik zobowi\u0105zany jest do przestrzegania znak\u00f3w drogowych pionowych i poziomych umieszczonych na terenie Parkingu.<\/li>\n \t<li>U\u017cytkownicy uprawnieni s\u0105 do parkowania pojazd\u00f3w w miejscach do tego przeznaczonych z wyj\u0105tkiem miejsc oznaczonych przez Zarz\u0105dc\u0119 jako zarezerwowane.<\/li>\n \t<li>Zakazane jest parkowanie pojazd\u00f3w na miejscach parkingowych przeznaczonych dla os\u00f3b niepe\u0142nosprawnych innym osobom, ni\u017c U\u017cytkownikom pojazd\u00f3w posiadaj\u0105cych wa\u017cn\u0105 kart\u0119 parkingow\u0105, o kt\u00f3rej mowa w art. 8 ust. 3 ustawy \u2013 Prawo o ruchu drogowym, umieszczon\u0105 w widocznym miejscu za przedni\u0105 szyb\u0105 pojazdu.<\/li>\n \t<li>W razie niezastosowania si\u0119 przez U\u017cytkownika do postanowie\u0144 okre\u015blonych w powy\u017cszych dw\u00f3ch punktach, Zarz\u0105dca jest uprawniony do usuni\u0119cia pojazdu na koszt i ryzyko U\u017cytkownika i obci\u0105\u017cenia U\u017cytkownika dodatkowo op\u0142at\u0105 porz\u0105dkow\u0105.<\/li>\n \t<li>Zarz\u0105dca jest r\u00f3wnie\u017c uprawniony do usuni\u0119cia na koszt i ryzyko U\u017cytkownika pojazdu pozostawionego na Parkingu po up\u0142ywie okresu, za kt\u00f3ry zosta\u0142a uiszczona op\u0142ata jak r\u00f3wnie\u017c pojazdu pozostawionego na Parkingu bez uiszczenia stosownej op\u0142aty. We wskazanych przypadkach Zarz\u0105dca jest r\u00f3wnie\u017c uprawniony do obci\u0105\u017cenia U\u017cytkownika dodatkowo op\u0142ata porz\u0105dkow\u0105.<\/li>\n \t<li>Pojazd po ustawieniu na miejscu parkingowym powinien by\u0107 unieruchomiony, mie\u0107 wy\u0142\u0105czony zap\u0142on, \u015bwiat\u0142a, zamkni\u0119te okna, drzwi oraz baga\u017cnik a tak\u017ce wy\u0142\u0105czone lub wyciszone urz\u0105dzenia radiofoniczne.<\/li>\n \t<li>U\u017cytkownik Pojazdu we w\u0142asnym zakresie zabezpiecza sw\u00f3j pojazd przed kradzie\u017c\u0105.<\/li>\n \t<li>Zarz\u0105dcy z tytu\u0142u rozlicze\u0144 z U\u017cytkownikiem przys\u0142uguje prawo zatrzymania oraz prawo zastawu na poje\u017adzie U\u017cytkownika.<\/li>\n \t<li>Kontrola spe\u0142niania warunk\u00f3w umowy o najem miejsca parkingowego przeprowadzana jest na terenie ca\u0142ego Parkingu przez osoby upowa\u017cnione przez Zarz\u0105dc\u0119.<\/li>\n \t<li>U\u017cytkownicy maj\u0105 obowi\u0105zek stosowania si\u0119 do polece\u0144 wydawanych przez osoby wymienione w punkcie poprzedzaj\u0105cym.<\/li>\n \t<li>Regulamin jest publicznie dost\u0119pny i znajduje si\u0119 w widocznym miejscu przy wje\u017adzie na parking oraz na stronie internetowej\u00a0bowlingclub.info.<\/li>\n \t<li>Niniejszy Regulamin obowi\u0105zuje od\u00a001.01.2023.<\/li>\n<\/ol>\n<strong>\u00a0<\/strong>\n\n<strong>ZA\u0141\u0104CZNIK NR 1 DO REGULAMINU<\/strong>\n\n<strong>NIESTRZE\u017bONEGO PARKINGU P\u0141ATNEGO<\/strong>\n\n<strong>CENNIK<\/strong>\n\nOp\u0142aty za korzystanie z Parkingu:\n<table>\n<tbody>\n<tr>\n<td colspan=\"2\" width=\"604\"><strong>BILET JEDNORAZOWY<\/strong><\/td>\n<\/tr>\n<tr>\n<td width=\"425\">Za pierwsz\u0105 godzin\u0119<\/td>\n<td width=\"179\">50 z\u0142<\/td>\n<\/tr>\n<tr>\n<td width=\"425\">Za ka\u017cd\u0105 kolejn\u0105 rozpocz\u0119t\u0105 godzin\u0119<\/td>\n<td width=\"179\">50 z\u0142<\/td>\n<\/tr>\n<tr>\n<td colspan=\"2\" width=\"604\"><strong>KARTA ABONAMENTOWA<\/strong><\/td>\n<\/tr>\n<tr>\n<td width=\"425\">Abonament tygodniowy<\/td>\n<td width=\"179\">100 z\u0142<\/td>\n<\/tr>\n<tr>\n<td width=\"425\">Abonament miesi\u0119czny<\/td>\n<td width=\"179\">180 z\u0142<\/td>\n<\/tr>\n<tr>\n<td width=\"425\">Abonament roczny<\/td>\n<td width=\"179\">2000 z\u0142<\/td>\n<\/tr>\n<tr>\n<td colspan=\"2\" width=\"604\"><strong>OP\u0141ATA PORZ\u0104DKOWA<\/strong><\/td>\n<\/tr>\n<tr>\n<td width=\"425\">Op\u0142ata porz\u0105dkowa (1. za parkowanie pojazdu poza miejscami do tego przeznaczonymi, 2. za parkowanie pojazdu na miejscach parkingowych przeznaczonych dla os\u00f3b niepe\u0142nosprawnych w przypadku nieumieszczenia w widocznym miejscu za szyb\u0105 pojazdu wa\u017cnej karty parkingowej, 3. za pozostawienie na Parkingu pojazdu po up\u0142ywie okresu, za kt\u00f3ry zosta\u0142a uiszczona op\u0142ata, 4. za pozostawienie na Parkingu pojazdu bez uiszczenia stosownej op\u0142aty) \u2013 za ka\u017cde naruszenie<\/td>\n<td width=\"179\">200 z\u0142<\/td>\n<\/tr>\n<\/tbody>\n<\/table>\t\t\t\t\t\t<\/div>\n\t\t\t\t<\/div>\n\t\t\t\t\t<\/div>\n\t\t\t\t<\/div>\n\t\t\t\t<\/div>\n\t\t","protected":false},"excerpt":{"rendered":"<p>REGULAMIN NIESTRZE\u017bONEGO PARKINU P\u0141ATNEGO Niniejszy Regulamin okre\u015bla zasady korzystania z niestrze\u017conego parkingu p\u0142atnego zlokalizowanego w Lesznie przy ul. Niepodleg\u0142o\u015bci 70 wok\u00f3\u0142 budynku us\u0142ugowego, zwanego dalej Parkingiem. Parkingiem zarz\u0105dza: Dariusz Donke, prowadz\u0105cy dzia\u0142alno\u015b\u0107 gospodarcz\u0105 pod firm\u0105: Przedsi\u0119biorstwo Handlowo Us\u0142ugowe Dariusz Donke, Wsp\u00f3lnik S.C. &#8211; Bowling Club, Wsp\u00f3lnik S.C. \u2013 Joker, pod adresem: ul. Ignacego Paderewskiego 4, [&hellip;]<\/p>\n","protected":false},"author":1,"featured_media":0,"parent":0,"menu_order":0,"comment_status":"closed","ping_status":"closed","template":"","meta":{"ngg_post_thumbnail":0,"footnotes":""},"class_list":["post-534","page","type-page","status-publish","hentry"],"_links":{"self":[{"href":"http:\/\/bowlingclub.info\/index.php?rest_route=\/wp\/v2\/pages\/534","targetHints":{"allow":["GET"]}}],"collection":[{"href":"http:\/\/bowlingclub.info\/index.php?rest_route=\/wp\/v2\/pages"}],"about":[{"href":"http:\/\/bowlingclub.info\/index.php?rest_route=\/wp\/v2\/types\/page"}],"author":[{"embeddable":true,"href":"http:\/\/bowlingclub.info\/index.php?rest_route=\/wp\/v2\/users\/1"}],"replies":[{"embeddable":true,"href":"http:\/\/bowlingclub.info\/index.php?rest_route=%2Fwp%2Fv2%2Fcomments&post=534"}],"version-history":[{"count":10,"href":"http:\/\/bowlingclub.info\/index.php?rest_route=\/wp\/v2\/pages\/534\/revisions"}],"predecessor-version":[{"id":661,"href":"http:\/\/bowlingclub.info\/index.php?rest_route=\/wp\/v2\/pages\/534\/revisions\/661"}],"wp:attachment":[{"href":"http:\/\/bowlingclub.info\/index.php?rest_route=%2Fwp%2Fv2%2Fmedia&parent=534"}],"curies":[{"name":"wp","href":"https:\/\/api.w.org\/{rel}","templated":true}]}}